{"id":3761,"date":"2024-02-19T10:03:50","date_gmt":"2024-02-19T09:03:50","guid":{"rendered":"https:\/\/www.demondzorgzaak.nl\/blog\/?page_id=3761"},"modified":"2024-02-20T21:09:43","modified_gmt":"2024-02-20T20:09:43","slug":"knoflookadem-knoflookgeur-mond-verhelpen","status":"publish","type":"page","link":"https:\/\/www.demondzorgzaak.nl\/blog\/knoflookadem-knoflookgeur-mond-verhelpen\/","title":{"rendered":"5 Bewezen Trucs Tegen Knoflookgeur &#8211; Bye Bye Knoflookadem."},"content":{"rendered":"<div class=\"block\">\n<h2>Wat te doen tegen een knoflookadem?<\/h2>\n<p><img loading=\"lazy\" class=\"aligncenter wp-image-3800 size-large\" src=\"https:\/\/www.demondzorgzaak.nl\/blog\/wp-content\/uploads\/2024\/02\/wat-doen-tegen-knoflook-adem-geur-1024x669.jpg\" alt=\"\" width=\"1024\" height=\"669\" srcset=\"https:\/\/www.demondzorgzaak.nl\/blog\/wp-content\/uploads\/2024\/02\/wat-doen-tegen-knoflook-adem-geur-1024x669.jpg 1024w, https:\/\/www.demondzorgzaak.nl\/blog\/wp-content\/uploads\/2024\/02\/wat-doen-tegen-knoflook-adem-geur-300x196.jpg 300w, https:\/\/www.demondzorgzaak.nl\/blog\/wp-content\/uploads\/2024\/02\/wat-doen-tegen-knoflook-adem-geur-768x502.jpg 768w, https:\/\/www.demondzorgzaak.nl\/blog\/wp-content\/uploads\/2024\/02\/wat-doen-tegen-knoflook-adem-geur-1536x1004.jpg 1536w, https:\/\/www.demondzorgzaak.nl\/blog\/wp-content\/uploads\/2024\/02\/wat-doen-tegen-knoflook-adem-geur-2048x1339.jpg 2048w\" sizes=\"(max-width: 1024px) 100vw, 1024px\" \/><\/p>\n<p>Dat knoflook goed voor je gezondheid is, was al in de Oudheid bekend. Het wordt niet voor niets overvloedig gebruikt in de Mediterrane keuken, een voedingspatroon dat als <u>uitermate gezond<\/u> bekend staat.<\/p>\n<p>Knoflook <strong>versterkt<\/strong> onder andere het immuunsysteem er heeft een regulerende werking op de bloeddruk.<\/p>\n<p>In culturen waarin iedereen doorlopend knoflook eet, wordt er niet zo moeilijk over gedaan. Immers, iedereen ruikt naar knoflook en uien. Maar in onze streken wordt de knoflookgeur vaak <strong>niet <\/strong>zo gewaardeerd.<\/p>\n<p>Het <strong>goede nieuws<\/strong> is dat je een knoflookadem heel gemakkelijk kunt voorkomen. In dit artikel gaan we kijken waar die geur vandaan komt en wat je ertegen kunt doen.<\/p>\n<\/div>\n<div class=\"block\">\n<h2>Waarom stink je van knoflook?<\/h2>\n<p><img loading=\"lazy\" class=\"aligncenter size-large wp-image-3809\" src=\"https:\/\/www.demondzorgzaak.nl\/blog\/wp-content\/uploads\/2024\/02\/slechte-adem-knoflook-1024x797.png\" alt=\"knoflookadem\" width=\"1024\" height=\"797\" srcset=\"https:\/\/www.demondzorgzaak.nl\/blog\/wp-content\/uploads\/2024\/02\/slechte-adem-knoflook-1024x797.png 1024w, https:\/\/www.demondzorgzaak.nl\/blog\/wp-content\/uploads\/2024\/02\/slechte-adem-knoflook-300x233.png 300w, https:\/\/www.demondzorgzaak.nl\/blog\/wp-content\/uploads\/2024\/02\/slechte-adem-knoflook-768x597.png 768w, https:\/\/www.demondzorgzaak.nl\/blog\/wp-content\/uploads\/2024\/02\/slechte-adem-knoflook-1536x1195.png 1536w, https:\/\/www.demondzorgzaak.nl\/blog\/wp-content\/uploads\/2024\/02\/slechte-adem-knoflook-2048x1593.png 2048w\" sizes=\"(max-width: 1024px) 100vw, 1024px\" \/><\/p>\n<p>Knoflook en uien bestaan voor een groot deel uit <strong>zwavelverbindingen<\/strong>, die nu eenmaal niet zo lekker ruiken. Gelukkig worden ze bijna allemaal in je maag verteerd, op \u00e9\u00e9n na.<\/p>\n<p>Allylmethylsulfide kunnen je ingewanden niet verteren, zodat dit zwavelgas onversneden in je bloedbaan terecht komt.<\/p>\n<p>Er is maar \u00e9\u00e9n manier om het af te scheiden en dat is via je longen en je pori\u00ebn. Samen met je eigen geurtjes komt het zo naar buiten.<\/p>\n<p>Het gaat dus niet alleen om je adem, als je genoeg <u>knoflook en uien<\/u> eet ga je vanzelf helemaal ruiken naar allylmethylsulfide.<\/p>\n<\/div>\n<div class=\"block\">\n<h2>Wat helpt tegen knoflookadem?<\/h2>\n<p><img loading=\"lazy\" class=\"aligncenter size-full wp-image-3811\" src=\"https:\/\/www.demondzorgzaak.nl\/blog\/wp-content\/uploads\/2024\/02\/knoflookgeur.jpg\" alt=\"\" width=\"275\" height=\"183\" \/><\/p>\n<p>Omdat knoflook gezond is en voor de liefhebbers ook heel erg lekker, is dan maar geen knoflook eten eigenlijk geen optie.<\/p>\n<p>Daarom zijn er van oudsher <u>trucjes<\/u> om in ieder geval de geuroverlast voor je omgeving te beperken:<\/p>\n<ul>\n<li>Voedsel eten dat <strong>polyfenolen<\/strong> bevat. Polyfenolen zijn plantaardige stoffen die zich verbinden met allylmethylsulfide en deze neutraliseren. Een appel en sla werken het beste tegen de knoflookgeur. Maar ook groene thee, spinazie, peterselie, verse munt, basilicum en citroen doen het werk. Het effect van deze levensmiddelen op de knoflookgeur is in 2014 onderzocht: <a href=\"https:\/\/pubmed.ncbi.nlm.nih.gov\/24592995\/\">Deodorization of garlic breath volatiles by food and food components<\/a>. Pas met citroen(sap) wel op, dit tast je tandglazuur aan. Overigens doet volle melk ook iets tegen knoflookadem als je het voor de maaltijd drinkt, maar daar zit niet iedereen op te wachten.<\/li>\n<li><strong>Verse knoflook<\/strong> gebruiken. Hoe verser de knoflook, des <u>minder allylmethylsulfide<\/u> erin zit. Omdat deze component de enige boosdoener is, is de geur minder heftig naarmate de knoflook verser is. Verse knoflook herken je zo: aan de bol zit een dikke, groene steel. Maar veel gangbaarder en goedkoper is gedroogde knoflook. Nog ouder en droger is knoflookpoeder, die dan ook het hardste stinkt.<\/li>\n<li><strong>Langere bereiding.<\/strong> In Mediterrane landen is het eten van rauwe knoflook, bijvoorbeeld bij een vers gevangen visje, helemaal niet uitzonderlijk. Rauwe knoflook levert wel een veel sterkere knoflookgeur op dan gebakken of gestoofde knoflook. Hoe langer het wordt verwarmd, hoe minder sterk de geur. En dan maakt het ook nog uit hoe grof de knoflook gesneden of geplet is. Hoe kleiner de stukjes knoflook, <u>hoe meer<\/u> allylmethylsulfide je zal gaan uitwalmen.<\/li>\n<\/ul>\n<\/div>\n<div class=\"block\">\n<h2>Een goede mondhygi\u00ebne tegen knoflookadem<\/h2>\n<p><a href=\"https:\/\/www.demondzorgzaak.nl\/ryttpro-frisse-adem-kit-tegen-slechte-adem\"><img loading=\"lazy\" class=\"aligncenter wp-image-3600 size-large\" src=\"https:\/\/www.demondzorgzaak.nl\/blog\/wp-content\/uploads\/2023\/12\/all-together-image-3-2-1024x689.jpg\" alt=\"slechte adem pakket\" width=\"1024\" height=\"689\" srcset=\"https:\/\/www.demondzorgzaak.nl\/blog\/wp-content\/uploads\/2023\/12\/all-together-image-3-2-1024x689.jpg 1024w, https:\/\/www.demondzorgzaak.nl\/blog\/wp-content\/uploads\/2023\/12\/all-together-image-3-2-300x202.jpg 300w, https:\/\/www.demondzorgzaak.nl\/blog\/wp-content\/uploads\/2023\/12\/all-together-image-3-2-768x517.jpg 768w, https:\/\/www.demondzorgzaak.nl\/blog\/wp-content\/uploads\/2023\/12\/all-together-image-3-2-1536x1033.jpg 1536w, https:\/\/www.demondzorgzaak.nl\/blog\/wp-content\/uploads\/2023\/12\/all-together-image-3-2-2048x1378.jpg 2048w\" sizes=\"(max-width: 1024px) 100vw, 1024px\" \/><\/a><\/p>\n<p>Ook al neem je bovenstaande maatregelen tegen knoflookadem, een <strong>goede mondhygi\u00ebne<\/strong> is altijd belangrijk.<\/p>\n<p>Hoewel de knoflookgeur door je hele lichaam wordt uitgewasemd, blijft het natuurlijk ook noodzakelijk om je mond schoon te houden.<\/p>\n<p>Gebruik hiervoor wel een goede, mondvriendelijke tandpasta, zoals die van <a href=\"https:\/\/www.demondzorgzaak.nl\/ryttpro-frisse-adem-kit-tegen-slechte-adem\">RyttPro<\/a>. Die reinigt je gebit effectief zonder het natuurlijke evenwicht van de mondflora aan te tasten.<\/p>\n<p>De actieve zuurstofformule <a href=\"https:\/\/www.demondzorgzaak.nl\/ryttpro-frisse-adem-kit-tegen-slechte-adem\">OZ-3X<\/a> bestrijdt de schadelijke bacteri\u00ebn, die zwavelgassen uitscheiden die nog viezer ruiken dan knoflook.<\/p>\n<p>Vergeet je tong niet, want in het laagje aanslag kan gemakkelijk fijngekauwde knoflook blijven hangen. Plus de eerder genoemde schadelijke mondbacteri\u00ebn, die je ook maar beter kunt verwijderen.<\/p>\n<p>Poets je tong niet met je tandenborstel, maar met de <u>speciale RyttPro Tongreiniger<\/u>, een tongborstel en -schraper in \u00e9\u00e9n.<\/p>\n<p>En met RyttPro Mondwater spoel je de laatste bacteri\u00ebn \u00e8n de laatste restjes knoflook uit je mond.<\/p>\n<p>Met de <a href=\"https:\/\/www.demondzorgzaak.nl\/bergenfeld-witte-tong-serum\">reinigende tongdruppels van Bergenfeld<\/a> weet je zeker dat je geen plekje meer overslaat.<\/p>\n<\/div>\n<div class=\"block\">\n<h2>De knoflookgeur echt verhelpen?<\/h2>\n<p><a href=\"https:\/\/www.demondzorgzaak.nl\/gonegarlic-knoflook-geur-adem-verwijderen-neutraliseren\"><img loading=\"lazy\" class=\"aligncenter wp-image-3601\" src=\"https:\/\/www.demondzorgzaak.nl\/blog\/wp-content\/uploads\/2023\/12\/mockup-white-bg-3-1024x1024.jpg\" alt=\"knoflook capsules\" width=\"600\" height=\"600\" srcset=\"https:\/\/www.demondzorgzaak.nl\/blog\/wp-content\/uploads\/2023\/12\/mockup-white-bg-3-1024x1024.jpg 1024w, https:\/\/www.demondzorgzaak.nl\/blog\/wp-content\/uploads\/2023\/12\/mockup-white-bg-3-300x300.jpg 300w, https:\/\/www.demondzorgzaak.nl\/blog\/wp-content\/uploads\/2023\/12\/mockup-white-bg-3-150x150.jpg 150w, https:\/\/www.demondzorgzaak.nl\/blog\/wp-content\/uploads\/2023\/12\/mockup-white-bg-3-768x768.jpg 768w, https:\/\/www.demondzorgzaak.nl\/blog\/wp-content\/uploads\/2023\/12\/mockup-white-bg-3-1536x1536.jpg 1536w, https:\/\/www.demondzorgzaak.nl\/blog\/wp-content\/uploads\/2023\/12\/mockup-white-bg-3.jpg 2000w\" sizes=\"(max-width: 600px) 100vw, 600px\" \/><\/a><\/p>\n<p>Juist omdat het niet alleen gaat om je adem, maar om je lichaamsgeur zul ook met een schone mond nog steeds naar knoflook ruiken.<\/p>\n<p>Het goede nieuws is, dat je met <a href=\"https:\/\/www.demondzorgzaak.nl\/gonegarlic-knoflook-geur-adem-verwijderen-neutraliseren\">GoneGarlic tabletten<\/a> ook de geuroverlast vanuit je longen en pori\u00ebn kunt aanpakken.<\/p>\n<p><a href=\"https:\/\/www.demondzorgzaak.nl\/gonegarlic-knoflook-geur-adem-verwijderen-neutraliseren\">GoneGarlic<\/a> tabletten bevatten plantaardige <strong>chlorofyl en polyfenolen<\/strong> die de knoflookgassen in je maag neutraliseren, zodat ze niet hoeven worden uitgescheiden.<\/p>\n<p>Je kunt zoveel knoflook eten als je wilt, zonder de kenmerkende knoflookwalm na afloop.<\/p>\n<p>De <a href=\"https:\/\/www.demondzorgzaak.nl\/gonegarlic-knoflook-geur-adem-verwijderen-neutraliseren\">vegan tabletten van GoneGarlic<\/a> bevatten de werkzame polyfenolen in geconcentreerde vorm. Zo wordt de allylmethylsulfide in je maag geneutraliseerd zonder kilo\u2019s appels, kroppen sla, bossen peterselie en rauwe spinazie te moeten eten.<\/p>\n<p>Met 1 capsule tijdens en 1 capsule direct na de maaltijd heb je <u>binnen 30 minuten<\/u> geen last van een knoflook en uiengeuren. <a href=\"https:\/\/www.demondzorgzaak.nl\/gonegarlic-knoflook-geur-adem-verwijderen-neutraliseren\">Bekijk dit artikel direct.\u00a0<\/a><\/p>\n<p>Omdat de zwavelgassen worden geneutraliseerd, hebben jij &#8211; en je omgeving &#8211; er ook de volgende dag geen last van.<\/p>\n<div class=\"orange-button-wrapper\"><a href=\"https:\/\/www.demondzorgzaak.nl\/gonegarlic-knoflook-geur-adem-verwijderen-neutraliseren\">Bestel GoneGarlic Hier<\/a><\/div>\n<h2>Bronnen<\/h2>\n<p><a href=\"https:\/\/pubmed.ncbi.nlm.nih.gov\/24592995\/\">https:\/\/pubmed.ncbi.nlm.nih.gov\/24592995\/<\/a><\/p>\n<\/div>\n","protected":false},"excerpt":{"rendered":"<p>Wat te doen tegen een knoflookadem? Dat knoflook goed voor je gezondheid is, was al in de Oudheid bekend. Het wordt niet voor niets overvloedig gebruikt in de Mediterrane keuken, een voedingspatroon dat als uitermate gezond bekend staat. Knoflook versterkt onder andere het immuunsysteem er heeft een regulerende werking op de bloeddruk. In culturen waarin &#8230; <a title=\"5 Bewezen Trucs Tegen Knoflookgeur &#8211; Bye Bye Knoflookadem.\" class=\"read-more\" href=\"https:\/\/www.demondzorgzaak.nl\/blog\/knoflookadem-knoflookgeur-mond-verhelpen\/\" aria-label=\"More on 5 Bewezen Trucs Tegen Knoflookgeur &#8211; Bye Bye Knoflookadem.\">Read more<\/a><\/p>\n","protected":false},"author":2,"featured_media":0,"parent":0,"menu_order":0,"comment_status":"closed","ping_status":"closed","template":"","meta":[],"acf":[],"yoast_head":"<!-- This site is optimized with the Yoast SEO plugin v19.6 - https:\/\/yoast.com\/wordpress\/plugins\/seo\/ -->\n<title>5 Bewezen Trucs Tegen Knoflookgeur - Bye Bye Knoflookadem. - DeMondzorgZaak<\/title>\n<meta name=\"description\" content=\"De 5 best bewezen tips, trucs en middelen tegen knoflookgeur uit je mond. 100% werking tegen knoflookadem in 1 minuut.\" \/>\n<meta name=\"robots\" content=\"index, follow, max-snippet:-1, max-image-preview:large, max-video-preview:-1\" \/>\n<link rel=\"canonical\" href=\"https:\/\/www.demondzorgzaak.nl\/blog\/knoflookadem-knoflookgeur-mond-verhelpen\/\" \/>\n<meta property=\"og:locale\" content=\"en_US\" \/>\n<meta property=\"og:type\" content=\"article\" \/>\n<meta property=\"og:title\" content=\"5 Bewezen Trucs Tegen Knoflookgeur - Bye Bye Knoflookadem. - DeMondzorgZaak\" \/>\n<meta property=\"og:description\" content=\"De 5 best bewezen tips, trucs en middelen tegen knoflookgeur uit je mond. 100% werking tegen knoflookadem in 1 minuut.\" \/>\n<meta property=\"og:url\" content=\"https:\/\/www.demondzorgzaak.nl\/blog\/knoflookadem-knoflookgeur-mond-verhelpen\/\" \/>\n<meta property=\"og:site_name\" content=\"DeMondzorgZaak\" \/>\n<meta property=\"article:modified_time\" content=\"2024-02-20T20:09:43+00:00\" \/>\n<meta property=\"og:image\" content=\"https:\/\/www.demondzorgzaak.nl\/blog\/wp-content\/uploads\/2024\/02\/wat-doen-tegen-knoflook-adem-geur-1024x669.jpg\" \/>\n<meta name=\"twitter:card\" content=\"summary_large_image\" \/>\n<meta name=\"twitter:label1\" content=\"Est. reading time\" \/>\n\t<meta name=\"twitter:data1\" content=\"5 minutes\" \/>\n<script type=\"application\/ld+json\" class=\"yoast-schema-graph\">{\"@context\":\"https:\/\/schema.org\",\"@graph\":[{\"@type\":\"WebPage\",\"@id\":\"https:\/\/www.demondzorgzaak.nl\/blog\/knoflookadem-knoflookgeur-mond-verhelpen\/\",\"url\":\"https:\/\/www.demondzorgzaak.nl\/blog\/knoflookadem-knoflookgeur-mond-verhelpen\/\",\"name\":\"5 Bewezen Trucs Tegen Knoflookgeur - Bye Bye Knoflookadem. - DeMondzorgZaak\",\"isPartOf\":{\"@id\":\"https:\/\/www.demondzorgzaak.nl\/blog\/#website\"},\"datePublished\":\"2024-02-19T09:03:50+00:00\",\"dateModified\":\"2024-02-20T20:09:43+00:00\",\"description\":\"De 5 best bewezen tips, trucs en middelen tegen knoflookgeur uit je mond. 100% werking tegen knoflookadem in 1 minuut.\",\"breadcrumb\":{\"@id\":\"https:\/\/www.demondzorgzaak.nl\/blog\/knoflookadem-knoflookgeur-mond-verhelpen\/#breadcrumb\"},\"inLanguage\":\"en-US\",\"potentialAction\":[{\"@type\":\"ReadAction\",\"target\":[\"https:\/\/www.demondzorgzaak.nl\/blog\/knoflookadem-knoflookgeur-mond-verhelpen\/\"]}]},{\"@type\":\"BreadcrumbList\",\"@id\":\"https:\/\/www.demondzorgzaak.nl\/blog\/knoflookadem-knoflookgeur-mond-verhelpen\/#breadcrumb\",\"itemListElement\":[{\"@type\":\"ListItem\",\"position\":1,\"name\":\"Home\",\"item\":\"https:\/\/www.demondzorgzaak.nl\/blog\/\"},{\"@type\":\"ListItem\",\"position\":2,\"name\":\"5 Bewezen Trucs Tegen Knoflookgeur &#8211; Bye Bye Knoflookadem.\"}]},{\"@type\":\"WebSite\",\"@id\":\"https:\/\/www.demondzorgzaak.nl\/blog\/#website\",\"url\":\"https:\/\/www.demondzorgzaak.nl\/blog\/\",\"name\":\"DeMondzorgZaak\",\"description\":\"100 Tips Bij Slechte Adem, Droge Mond &amp; Ontstoken Tandvlees (LeesTip)\",\"publisher\":{\"@id\":\"https:\/\/www.demondzorgzaak.nl\/blog\/#organization\"},\"potentialAction\":[{\"@type\":\"SearchAction\",\"target\":{\"@type\":\"EntryPoint\",\"urlTemplate\":\"https:\/\/www.demondzorgzaak.nl\/blog\/?s={search_term_string}\"},\"query-input\":\"required name=search_term_string\"}],\"inLanguage\":\"en-US\"},{\"@type\":\"Organization\",\"@id\":\"https:\/\/www.demondzorgzaak.nl\/blog\/#organization\",\"name\":\"De Mondzorgzaak\",\"url\":\"https:\/\/www.demondzorgzaak.nl\/blog\/\",\"sameAs\":[],\"logo\":{\"@type\":\"ImageObject\",\"inLanguage\":\"en-US\",\"@id\":\"https:\/\/www.demondzorgzaak.nl\/blog\/#\/schema\/logo\/image\/\",\"url\":\"https:\/\/www.demondzorgzaak.nl\/blog\/wp-content\/uploads\/2018\/07\/demondzorgzaak-logo.png\",\"contentUrl\":\"https:\/\/www.demondzorgzaak.nl\/blog\/wp-content\/uploads\/2018\/07\/demondzorgzaak-logo.png\",\"width\":338,\"height\":48,\"caption\":\"De Mondzorgzaak\"},\"image\":{\"@id\":\"https:\/\/www.demondzorgzaak.nl\/blog\/#\/schema\/logo\/image\/\"}}]}<\/script>\n<!-- \/ Yoast SEO plugin. -->","yoast_head_json":{"title":"5 Bewezen Trucs Tegen Knoflookgeur - Bye Bye Knoflookadem. - DeMondzorgZaak","description":"De 5 best bewezen tips, trucs en middelen tegen knoflookgeur uit je mond. 100% werking tegen knoflookadem in 1 minuut.","robots":{"index":"index","follow":"follow","max-snippet":"max-snippet:-1","max-image-preview":"max-image-preview:large","max-video-preview":"max-video-preview:-1"},"canonical":"https:\/\/www.demondzorgzaak.nl\/blog\/knoflookadem-knoflookgeur-mond-verhelpen\/","og_locale":"en_US","og_type":"article","og_title":"5 Bewezen Trucs Tegen Knoflookgeur - Bye Bye Knoflookadem. - DeMondzorgZaak","og_description":"De 5 best bewezen tips, trucs en middelen tegen knoflookgeur uit je mond. 100% werking tegen knoflookadem in 1 minuut.","og_url":"https:\/\/www.demondzorgzaak.nl\/blog\/knoflookadem-knoflookgeur-mond-verhelpen\/","og_site_name":"DeMondzorgZaak","article_modified_time":"2024-02-20T20:09:43+00:00","og_image":[{"url":"https:\/\/www.demondzorgzaak.nl\/blog\/wp-content\/uploads\/2024\/02\/wat-doen-tegen-knoflook-adem-geur-1024x669.jpg"}],"twitter_card":"summary_large_image","twitter_misc":{"Est. reading time":"5 minutes"},"schema":{"@context":"https:\/\/schema.org","@graph":[{"@type":"WebPage","@id":"https:\/\/www.demondzorgzaak.nl\/blog\/knoflookadem-knoflookgeur-mond-verhelpen\/","url":"https:\/\/www.demondzorgzaak.nl\/blog\/knoflookadem-knoflookgeur-mond-verhelpen\/","name":"5 Bewezen Trucs Tegen Knoflookgeur - Bye Bye Knoflookadem. - DeMondzorgZaak","isPartOf":{"@id":"https:\/\/www.demondzorgzaak.nl\/blog\/#website"},"datePublished":"2024-02-19T09:03:50+00:00","dateModified":"2024-02-20T20:09:43+00:00","description":"De 5 best bewezen tips, trucs en middelen tegen knoflookgeur uit je mond. 100% werking tegen knoflookadem in 1 minuut.","breadcrumb":{"@id":"https:\/\/www.demondzorgzaak.nl\/blog\/knoflookadem-knoflookgeur-mond-verhelpen\/#breadcrumb"},"inLanguage":"en-US","potentialAction":[{"@type":"ReadAction","target":["https:\/\/www.demondzorgzaak.nl\/blog\/knoflookadem-knoflookgeur-mond-verhelpen\/"]}]},{"@type":"BreadcrumbList","@id":"https:\/\/www.demondzorgzaak.nl\/blog\/knoflookadem-knoflookgeur-mond-verhelpen\/#breadcrumb","itemListElement":[{"@type":"ListItem","position":1,"name":"Home","item":"https:\/\/www.demondzorgzaak.nl\/blog\/"},{"@type":"ListItem","position":2,"name":"5 Bewezen Trucs Tegen Knoflookgeur &#8211; Bye Bye Knoflookadem."}]},{"@type":"WebSite","@id":"https:\/\/www.demondzorgzaak.nl\/blog\/#website","url":"https:\/\/www.demondzorgzaak.nl\/blog\/","name":"DeMondzorgZaak","description":"100 Tips Bij Slechte Adem, Droge Mond &amp; Ontstoken Tandvlees (LeesTip)","publisher":{"@id":"https:\/\/www.demondzorgzaak.nl\/blog\/#organization"},"potentialAction":[{"@type":"SearchAction","target":{"@type":"EntryPoint","urlTemplate":"https:\/\/www.demondzorgzaak.nl\/blog\/?s={search_term_string}"},"query-input":"required name=search_term_string"}],"inLanguage":"en-US"},{"@type":"Organization","@id":"https:\/\/www.demondzorgzaak.nl\/blog\/#organization","name":"De Mondzorgzaak","url":"https:\/\/www.demondzorgzaak.nl\/blog\/","sameAs":[],"logo":{"@type":"ImageObject","inLanguage":"en-US","@id":"https:\/\/www.demondzorgzaak.nl\/blog\/#\/schema\/logo\/image\/","url":"https:\/\/www.demondzorgzaak.nl\/blog\/wp-content\/uploads\/2018\/07\/demondzorgzaak-logo.png","contentUrl":"https:\/\/www.demondzorgzaak.nl\/blog\/wp-content\/uploads\/2018\/07\/demondzorgzaak-logo.png","width":338,"height":48,"caption":"De Mondzorgzaak"},"image":{"@id":"https:\/\/www.demondzorgzaak.nl\/blog\/#\/schema\/logo\/image\/"}}]}},"_links":{"self":[{"href":"https:\/\/www.demondzorgzaak.nl\/blog\/wp-json\/wp\/v2\/pages\/3761"}],"collection":[{"href":"https:\/\/www.demondzorgzaak.nl\/blog\/wp-json\/wp\/v2\/pages"}],"about":[{"href":"https:\/\/www.demondzorgzaak.nl\/blog\/wp-json\/wp\/v2\/types\/page"}],"author":[{"embeddable":true,"href":"https:\/\/www.demondzorgzaak.nl\/blog\/wp-json\/wp\/v2\/users\/2"}],"replies":[{"embeddable":true,"href":"https:\/\/www.demondzorgzaak.nl\/blog\/wp-json\/wp\/v2\/comments?post=3761"}],"version-history":[{"count":73,"href":"https:\/\/www.demondzorgzaak.nl\/blog\/wp-json\/wp\/v2\/pages\/3761\/revisions"}],"predecessor-version":[{"id":3859,"href":"https:\/\/www.demondzorgzaak.nl\/blog\/wp-json\/wp\/v2\/pages\/3761\/revisions\/3859"}],"wp:attachment":[{"href":"https:\/\/www.demondzorgzaak.nl\/blog\/wp-json\/wp\/v2\/media?parent=3761"}],"curies":[{"name":"wp","href":"https:\/\/api.w.org\/{rel}","templated":true}]}}